{"id":14299,"date":"2023-09-01T12:13:13","date_gmt":"2023-09-01T15:13:13","guid":{"rendered":"https:\/\/catalogocineargentino.incaa.gob.ar\/?post_type=pelicula&#038;p=14299"},"modified":"2023-09-06T16:03:10","modified_gmt":"2023-09-06T19:03:10","slug":"the-silence-of-men","status":"publish","type":"pelicula","link":"https:\/\/catalogocineargentino.incaa.gob.ar\/en\/pelicula\/the-silence-of-men\/","title":{"rendered":"The Silence of Men"},"featured_media":14289,"template":"","meta":{"metraje":"Feature film","ano":"2023","duracion":"81","sinopsis":"Un padre y un hijo atravesados por mandatos familiares deciden finalmente hablar. Bicho, Emma y Andr\u00e9s ponen en crisis lo que se espera de ellos. La directora parte de los hombres de su familia para llegar a desconocidos. Indaga en los miedos, complicidades, contradicciones y violencias que viven como varones \u00bfQu\u00e9 ocultan en el silencio?","trailer":"https:\/\/youtu.be\/jnjxMrlFLrg","imagenes":["14292","14294","14290"],"elenco":{"item-0":{"nombre-elenco":"Marcelo Lubarsky"},"item-1":{"nombre-elenco":"Valent\u00edn Lubarsky"},"item-2":{"nombre-elenco":"Andr\u00e9s Beil"},"item-3":{"nombre-elenco":"Gabriel Camacho"},"item-4":{"nombre-elenco":"Emmanuel Valentino Fern\u00e1ndez"}}},"genero":[30],"class_list":["post-14299","pelicula","type-pelicula","status-publish","has-post-thumbnail","hentry","genero-documentary"],"_links":{"self":[{"href":"https:\/\/catalogocineargentino.incaa.gob.ar\/en\/wp-json\/wp\/v2\/pelicula\/14299"}],"collection":[{"href":"https:\/\/catalogocineargentino.incaa.gob.ar\/en\/wp-json\/wp\/v2\/pelicula"}],"about":[{"href":"https:\/\/catalogocineargentino.incaa.gob.ar\/en\/wp-json\/wp\/v2\/types\/pelicula"}],"wp:featuredmedia":[{"embeddable":true,"href":"https:\/\/catalogocineargentino.incaa.gob.ar\/en\/wp-json\/wp\/v2\/media\/14289"}],"wp:attachment":[{"href":"https:\/\/catalogocineargentino.incaa.gob.ar\/en\/wp-json\/wp\/v2\/media?parent=14299"}],"wp:term":[{"taxonomy":"genero","embeddable":true,"href":"https:\/\/catalogocineargentino.incaa.gob.ar\/en\/wp-json\/wp\/v2\/genero?post=14299"}],"curies":[{"name":"wp","href":"https:\/\/api.w.org\/{rel}","templated":true}]}}

Un padre y un hijo atravesados por mandatos familiares deciden finalmente hablar. Bicho, Emma y Andrés ponen en crisis lo que se espera de ellos. La directora parte de los hombres de su familia para llegar a desconocidos. Indaga en los miedos, complicidades, contradicciones y violencias que viven como varones ¿Qué ocultan en el silencio?

Valentín Lubarsky

Andrés Beil

Emmanuel Valentino Fernández
